4?
-1
Calculate 7 + -4 + (0 - -1).
4
0 - -4 - (-7 - (2 + -8))
5
Evaluate 3 - -4 - 10 - -9.
6
What is 21 + -17 + 0 + (-4 - -1)?
1
What is the value of -9 + (-5 - -7 - 4 - -4)?
-7
Calculate -5 - 0 - (-343 + 334).
4
1 - 6 - (2 - (17 - 13))
-3
Evaluate -7 - (1 - (9 - 6)).
-5
What is the value of (-1 + 8 - 3) + -3 + -2?
-1
-2 + -1 + -5 + 7 + -3
-4
What is 19 - (11 - 6) - 7?
7
Evaluate 1 - (0 - (-2 + (-4 - -1))).
-4
What is (1 - (5 - 3)) + 5 - 2?
2
Evaluate 3 - (3 + -2 + 4).
-2
Calculate 17 + (-4 - (5 + 0)).
8
What is the value of 87 - 83 - (0 + -1)?
5
Evaluate -5 + 1 + (4 - 1) + -4.
-5
Evaluate 9 + -2 + 0 + -2.
5
What is the value of 4 + -7 + -8 - -9?
-2
What is the value of -10 + (2 - (4 + -7))?
-5
What is (40 - 55) + (12 - -2)?
-1
What is -6 + 3 - (3 - (3 + -1))?
-4
2 + (4 - 6) + 2
2
Calculate 3 - (5 - 1) - 5.
-6
What is the value of 1 - 5 - (-38 + 32)?
2
-10 - (-2 - 5) - 2
-5
3 + (-1 - -6 - 5)
3
Evaluate -1 - (3 + -4) - (-12 - -7).
5
Evaluate 2 + 1 + (3 - 14).
-8
What is the value of 45 + -30 - (10 + 0)?
5
Evaluate 11 + 2 + -6 - 13.
-6
What is the value of (4 - (5 + -11)) + -7?
3
1 + -8 + 10 - (2 + -5)
6
-1 - (-3 - 0) - (-1 + 4)
-1
Calculate 5 - 7 - -9 - (0 + 5).
2
Calculate -6 - ((5 - (6 + 13)) + 2).
6
Calculate -1 + -5 + (-1 - -6).
-1
(-5 - (-10 + 5)) + (3 - 2)
1
5 + 0 - (16 - 6)
-5
What is 3 + -11 + (-1 - 4) + 3?
-10
3 + -2 + 1 + (4 - 1)
5
What is the value of -32 + 32 + (1 - 2)?
-1
What is the value of 0 + (-10 - -21) + -19?
-8
Calculate 4 + (-8 - (-2 + -1)) + 2.
1
Calculate 3 - (-2 - (-10 + (2 - -1))).
-2
What is 8 - (21 - (-4 - -13))?
-4
Evaluate -5 + 10 - 8 - -3.
0
What is the value of (0 - 5 - -6) + -2 + -1?
-2
Calculate 2 + -2 + (5 - 4).
1
What is (-1 - 4) + 18 + -18?
-5
What is the value of 6 + -14 + -2 + 11?
1
-3 + (9 + -5 - -1)
2
What is 0 + 3 - (-117 - -127)?
-7
Calculate 3 - (1 - -6) - (0 + -1).
-3
-3 - (-6 + 0 - -3)
0
What is the value of 0 + (1 - 6) - (2 + -4)?
-3
What is (-15 - -11) + 8 + 0?
4
-1 + -5 - (3 - (-5 + 20))
6
Evaluate (2 - (-1 + 4 + -3)) + -1.
1
What is the value of 11 - -7 - 19 - (1 + 1)?
-3
6 + (-1 - 3) - 3 - -1
0
Evaluate -4 + 2 - (-3 - (-2 - 0)).
-1
Calculate 6 + -13 - -4 - (5 + -15).
7
What is the value of -8 + (-67 + 73 - (-2 - -1))?
-1
What is 4 - (0 - (-9 - -3))?
-2
What is 12 - (0 + -1 + 11)?
2
Evaluate 3 + -2 + (7 - 1).
7
What is (1 - (6 + -8 - -6)) + -3?
-6
-2 + (0 - (3 - 2))
-3
Calculate 1 - (-7 + 4 + 2) - 3.
-1
3 + (-7 - 4) + 4 - -5
1
Evaluate (-7 - -10) + 0 - 7.
-4
0 + (4 - ((6 - 2) + -2))
2
What is -4 + (-4 - -4) + 0?
-4
Calculate 11 - 4 - (2 - (2 + -1)).
6
Evaluate 0 + (5 - (-5 - -14)).
-4
What is the value of (10 - (-5 - -4 - -5)) + -8?
-2
(11 - (10 + -2 + -3)) + -11
-5
43 - 44 - (-2 + -1)
2
Calculate (3 - -4) + (2 - 5).
4
What is -4 + (5 - 1) - (-21 - -14)?
7
Evaluate -3 + 9 + -3 - (5 + -1).
-1
Evaluate -6 - (-1 - 4) - (6 - 1).
-6
4 + 2 + -14 - -3
-5
What is -2 - (2 + -1) - (9 - 17)?
5
What is 5 + -1 + -2 + -6?
-4
Calculate 2 + -1 + 4 + -6.
-1
Calculate (-4 - -12 - 1) + -4.
3
What is the value of -1 - (-3 - (-3 + 4 + -2))?
1
What is -9 - (2 - (0 + 8))?
-3
What is -6 + 2 + -2 - -6?
0
Calculate 5 + 1 - (0 + (1 - 4)).
9
What is the value of -1 + (2 - ((-1 - 1) + -2))?
5
1 - -6 - (9 - 4)
2
Evaluate (-1 - -5) + -1 + -91 + 94.
6
Evaluate 1 - (-3 + 1 - -2).
1
What is the value of -1 - 4 - (6 - 9)?
-2
What is the value of 0 + -6 - (-44 + 38)?
0
Calculate 5 + (1 - 3) - 4.
-1
What is the value of (3 - (-5 - -5)) + -1 + -2?
0
What is the value of 1 - 11 - -5 - 0?
-5
Calculate -9 - 2 - (-14 - -11).
-8
Evaluate -4 - 6 - -8 - (3 - 6).
1
What is the value of 4 + -5 + -2 + -2?
-5
3 + (1 - -3) + -3 + -4
0
Calculate 1 - -4 - (0 + 6).
-1
What is 9 + (-5 - -2) - 13?
-7
Evaluate 4 + (7 - 5) + -2 + 0.
4
What is 0 - 1 - (-1 + 2 + 0)?
-2
Evaluate 2 + -4 + -6 + 5 + -1.
-4
7 - -1 - (19 + -16)
5
Evaluate 1 + (6 - (6 + 4 - 4)).
1
-2 + (4 - 1) - (0 - 4)
5
What is -2 - (2 - 2 - (-9 + 10))?
-1
Evaluate -15 + 19 - (-1 + -1 - -1).
5
What is 2 - -4 - 5 - (2 + 1)?
-2
What is the value of (-1 - -1) + (-153 - -161)?
8
What is the value of -2 + 4 + (-1 - (1 - -3))?
-3
Evaluate (18 - (8 - 0)) + -1.
9
What is the value of (-3 - 0) + 6 + 0 - -1?
4
What is the value of -3 - (-3 + 6 + -6)?
0
What is the value of -4 - (-10 + 9 - (0 - 2))?
-5
What is the value of 9 + (1 + 10 - 29)?
-9
What is -1 + 1 - ((9 - 12) + 1)?
2
What is -273 - -272 - (-8 - -1)?
6
Evaluate -2 - (-6 + 12 - (3 - -2)).
-3
What is (-1 - (-2 + -7)) + -2 + -1?
5
What is (0 + -4 - (-6 - -4)) + -3?
-5
10 - (6 - 3) - (-14 - -18)
3
What is the value of (8 - 4) + -6 - (-8 + 7)?
-1
Calculate 0 + 0 + 2 + (5 - -1).
8
-5 - -6 - (-3 + -1)
5
Evaluate -8 + (0 - -4) + 0.
-4
What is the value of (-3 - -7) + (-4 - -1) - 2?
-1
What is 8 - (20 + -1 - 7)?
-4
What is -1 + 3 + 2 + 2?
6
Evaluate -1 + 2 + -11 - (-47 - -41).
-4
What is the value of 5 + 4 + -4 + -6?
-1
What is the value of (-7 - -14) + -14 - -12?
5
What is (-5 - -3) + -1 + 6?
3
Evaluate -2 - -11 - (-7 - -22).
-6
What is the value of 9 + -1 + (-10 - 0)?
-2
Calculate (0 - -3) + -7 - -5.
1
Calculate (4 - (-6 + 12)) + -3 - -6.
1
What is 1 + (-2 - 3) + -9 + 8?
-5
Calculate -4 - (-9 + (-3 - -9)).
-1
What is the value of 10 + -3 + -10 - 3?
-6
Calculate 66 + -67 - ((2 - 0) + 1).
-4
Calculate 0 - (-4 - (-3 - (-3 - 1))).
5
What is the value of (-1 - (2 + -1)) + -3 + 9?
4
(-7 - -10) + -3 + 1 + -7
-6
Calculate 1 - 1 - (12 - (9 - 6)).
-9
What is (0 - (4 - (-1 - -1))) + -3?
-7
Calculate -11 + 8 + (-1 - -1).
-3
Evaluate -3 - 0 - ((-1 - 7) + 7).
-2
What is 4 - (-3 + (-2 + 5 - 4))?
8
What is (2 - 4) + (12 - 7) + 5?
8
What is -1 - (-7 + 9) - 0?
-3
Calculate -3 + 1 + -9 - -10.
-1
-4 - (4 - (8 + -4 - -2))
-2
What is 4 - (3 + 4 + -8)?
5
What is -8 - (-6 + (1 - 1))?
-2
Evaluate -4 + (-2 - -5) - -5 - 3.
1
What is the value of 0 + 0 - (-10 + 6)?
4
Evaluate 11 - (8 - 1) - (0 - -1).
3
What is the value of 3 + (5 - 0) + -4?
4
(0 + -1 + 4 - 8) + 0
-5
Calculate (9 - 12 - -8) + -7.
-2
2 - (-4 + -1 + 2)
5
5 - (17 - 1 - (-10 + 14))
-7
Evaluate 1 - -2 - (3 + 2 + 1).
-3
What is 5 - 3 - (-1 - (-4 + 0))?
-1
(2 - (-9 - -15)) + -2
-6
Evaluate (0 - -6) + -41 + 27.
-8
Calculate -3 + 8 + 0 - 2.
3
Evaluate -4 - (3 + -12 - -5).
0
-4 - (1 + -4 + 5) - -1
-5
Calculate 4 + 1 + -3 + -3.
-1
Evaluate -5 + 4 + -4 + 2 - 2.
-5
Evaluate 4 + -5 + 5 - 4 - 3.
-3
Evaluate 0 + -2 - (-3 + 6 - 7).
2
Evaluate -2 + -4 + -50 + 62.
6
7 + -5 + 12 + -12
2
What is the value of 7 + (8 - 9) + -4?
2
Evaluate -5 + 3 + 3 + -2 - 0.
-1
Evaluate 4 - (-3 - -5 - 0).
2
What is -3 - (-5 - (-4 + (2 - -2)))?
2
Calculate 4 - (-3 - -7) - -2.
2
Evaluate 8 + -3 + 3 + -3.
5
Evaluate 11 + -4 - 0 - (-1 + 4).
4
What is 8 + (-8 - 7) - -8 - -8?
9
Calculate (-6 - -9) + -4 - -1.
0
Evaluate (-1 - -5) + (-1 - 4).
-1
What is the value of 0 - (1 + -3 - (-25 - -20))?
-3
What is the value of -5 + 4 + (2 - (5 + -6))?
2
Calculate -5 + (-11 - -2) + (5 - -1).
-8
What is -4 + 2 + 6 - (-15 - -23)?
-4
Evaluate -13 + 5 + 18 - 5.
5
Evaluate 1 + (0 + 3 - -4).
8
What is 2 + 2 + (-1 - 5) + 2?
0
Calculate -2 + 4 + (-6 - -5).
1
Calculate 10 + -7 - (0 + 5).
-2
Calculate 4 + -3 + -11 + 6 + 6.
2
What is the value of (-3 - (-3 - -2)) + (-5 - -11)?
4
Calculate (1 - (-4 - -9)) + 0 + 5.
1
-4 + 1 + 6 + 0 + 1
4
What is 10 + -9 - -4 - 1?
4
What is the value of 1 + -2 - (1 + 0)?
-2
Evaluate -21 - -20 - (0 - 8).
7
Evaluate (-4 - (1 - 3 - -4)) + 5.
-1
5 + (4 - 2) + 10 + -15
2
Evaluate (-3 - (2 + (-5 - 1))) + 3.
4
Evaluate -5 + (3 - (-1 + 6)) + 2.
-5
What is the value of (-3 - -1 - (-21 + 20)) + 1?
0
What is 6 + 3 + -4 + -7?
-2
What is the value of 0 - 5 - (-8 + 4)?
-1
What is -11 + (9 - (-1 - -5))?
-6
Calculate 4 + -1 + (73 - 80).
-4
What is the value of 2 + 1 + (-2 - 4)?
-3
What is -5 - (-13 - -4 - -5)?
-1
What is 6 - (0 + -5 + 5) - 4?
2
-1 + -2 + 0 + -2
-5
What is the value of 3 - (1 + -1 + 19 - 8)?
-8
Calculate (-5 - -4) + -1 - -5.
3
What is (-5 - -9 - -8) + -5?
7
What is 5 - (4 + (-2 - 2) + 4)?
1
Calculate -3 - (-9 + 2 + 16 + -10).
-2
What is 4 + (5 - (0 - -5 - 1))?
5
Calculate 5 + -6 + 1 + 1 + -9.
-8
What is 1 + 10 + (-25 - -17)?
3
Calculate (-2 - 0) + 3 + -1 + 3.
3
What is the value of (-5 + -2 - -6) + -5 + 1?
-5
What is the value of -2 - -6 - (1 - 1)?
4
Calculate 25 + -21 + (0 - 7).
-3
-8 - (-5 + 1 - -3)
-7
What is the value of (-1 - (-2 - 0)) + 